e prime factors of q(x)?
7
Let s(p) = 4*p**2 + 4*p + 1. Let d(w) = w + 2. Let v be d(-5). List the prime factors of s(v).
5
Suppose -i + 12 = -5*i + 4*n, 3*n = -5*i + 25. Let h(d) = -d**3 + 7*d**2 - 7*d + 7. Let z be h(6). What are the prime factors of (-2 + 7*i)*z?
2, 3
Suppose 2*b + 47 + 1 = 0. What are the prime factors of (-15)/(-2)*b/(-9)?
2, 5
Let t(s) = 3 + 2*s**2 - s**3 + 4*s**2 - 19*s + 15*s. Suppose -5 = u + 2*c, -u = 4*u - 3*c - 40. List the prime factors of t(u).
2
Suppose -4*d = -3*s - 34, 2*d - 11 - 7 = s. Suppose -q = q - d. Suppose -33 = 2*c - q*c. What are the prime factors of c?
11
Let k be (-2)/(-8)*4 - 1. Suppose 2*g + 10 = k, 30 = 4*b + 5*g - 9. List the prime factors of b.
2
Let f(z) = 12*z**3 - z. List the prime factors of f(1).
11
Suppose -96 = -7*g + 2*g - 2*p, -3*p + 45 = 2*g. Let m = 34 - g. List the prime factors of m.
2
Suppose -392 = -4*j - 0*j. List the prime factors of j.
2, 7
Suppose s + 9 + 13 = 0. Let o = s - -48. What are the prime factors of o?
2, 13
Suppose 5*t - 15 = 0, 4*t + 8 = 3*d - 10. List the prime factors of d.
2, 5
Let f = -29 - -45. Suppose -3*s + f = -29. List the prime factors of s.
3, 5
List the prime factors of 9/((-27)/(-204)) + -4.
2
Let w = 11 - 9. Suppose 0 = 3*p + w*p + 20. Let k = p - -13. What are the prime factors of k?
3
Suppose -u = -2*u + 2. Suppose -r + 2 = -u. Suppose 4*l - 12 = r. What are the prime factors of l?
2
Let q = -6 + 12. Suppose -4*j = -5*u - 48, q + 20 = 2*j - 2*u. Suppose -3*h = j - 56. What are the prime factors of h?
13
Let z = 23 + -8. List the prime factors of z.
3, 5
Let n(l) = -l + 8. List the prime factors of n(-8).
2
Suppose 528 = 3*d - 4*q, 2*q = -5*d + 492 + 388. List the prime factors of d.
2, 11
Let o = -3 + 5. Suppose u - 5*c - 18 = -o*c, 0 = -3*u + 3*c + 30. List the prime factors of u.
2, 3
Let z(r) = -r + 16. Let p be z(13). Suppose w = -p*w + 176. What are the prime factors of w?
2, 11
Suppose 12*g - 22 = 10*g. List the prime factors of g.
11
Suppose 0 = -2*c - 4*z + 78, 2*c - 4*z - 123 = z. List the prime factors of c.
7
Suppose -5*r + 240 = -110. Let n be ((-6)/(-5))/((-21)/r). What are the prime factors of ((-11)/n + -1)*4?
7
Let r(b) = 3*b**3 - 3*b**2 + 5*b - 5. List the prime factors of r(4).
3, 53
Let j be 3/(-9) - 136/6. Let g = 38 + j. Suppose -2*l = l - g. List the prime factors of l.
5
Suppose -13 = -2*z - 3*p, 0*p = -z - p + 5. Let m be (3 + -1 + 2)/z. List the prime factors of (-2)/4*(-40)/m.
2, 5
Let i = -2 + 33. List the prime factors of i.
31
Let s be 4/10 + (-90)/(-25). Let j be s/(-18) + 56/9. Suppose 21 = -j*y + 9*y. List the prime factors of y.
7
Let s(n) = n**3 - 6*n**2 + 2*n + 3. Let c be s(6). Let x(i) = 2*i - 4. Let k be x(3). Let p = c + k. List the prime factors of p.
17
Suppose -4*s - 3*b + 132 = 0, 4*b + 70 = 3*s - b. What are the prime factors of s?
2, 3, 5
Suppose 16 = 3*w - 7*w. Let d(i) = -i**2 - 5*i + 1. List the prime factors of d(w).
5
Suppose -4*w + 57 = -w. Let m = 33 - w. What are the prime factors of m?
2, 7
Let i = 88 - 53. Let m = i + -20. What are the prime factors of m?
3, 5
Let b(o) = -o**3 - 6*o**2 - 2*o. Let f be b(-3). List the prime factors of 7/(f/(-45)) - -3.
2, 3
Suppose -5*m + 10 = -5*x - 10, 3*x - 3 = -2*m. Suppose 3*t + y = m, -2*t - y = 3*t - 3. Suppose t = -3*d - 2*d + 10. What are the prime factors of d?
2
Let t(r) = -r + 1. Let l be t(-4). Suppose l*q - 5 = 5. Let z = 2 + q. What are the prime factors of z?
2
Let w be 1*-3*(-2)/(-3). What are the prime factors of 6 - (-7 - w - -2)?
3
Suppose -135 = -4*o + t, -4*t - 6 + 44 = o. What are the prime factors of o?
2, 17
Let u(j) = j**3 - 3*j + 1. Let z be u(2). Suppose 0 = -5*s + s + 8. List the prime factors of z/s*16/6.
2
Suppose 46 = 5*z - 84. Suppose -y = -3*y + z. List the prime factors of y.
13
Suppose -4*z + 291 = -z. What are the prime factors of z?
97
Let u = 6 - 4. Let z = 3 - 3. Suppose z = u*l - 4*l + 20. List the prime factors of l.
2, 5
Suppose 0 = -l - 2 - 0. Let r(n) = 10*n + 6. Let c(i) = i + 1. Let z(y) = 4*c(y) - r(y). What are the prime factors of z(l)?
2, 5
What are the prime factors of (-38)/(-3) - (-30)/(-45)?
2, 3
Let a(w) = w**3 + 12*w**2 + 16*w + 12. List the prime factors of a(-10).
2, 13
Let u = 8 - 5. Suppose -3*x = -2*r + 48, u*r - 44 = r + 2*x. List the prime factors of r.
2, 3
Suppose 0*y + 4*y = -16. Let i = 8 + y. Let x(a) = -a**2 + 6*a - 6. List the prime factors of x(i).
2
Suppose -32*g + 31*g + 60 = 0. What are the prime factors of g?
2, 3, 5
Suppose 18*l - 4411 - 1295 = 0. List the prime factors of l.
317
Let c(n) = -3 - 3 + 0*n**2 - n**2 - 6*n. Let r be c(-5). Let d = r - -5. List the prime factors of d.
2
Let t(g) = 154*g - 1. What are the prime factors of t(1)?
3, 17
Suppose 7 = -2*x + 197. Let d = x + -51. What are the prime factors of d?
2, 11
Suppose c + 3*p - 9 = -3*c, 4*p - 12 = -4*c. Suppose c = q - 5 + 13. Let a = q + 11. List the prime factors of a.
3
List the prime factors of (3/(-2))/(6/(-284)).
71
Let q(v) = v**2 - 6*v + 7. Let f be q(6). Suppose -2*j = -5*b - 11, -b = -4*j + 2*j + f. List the prime factors of j.
3
Suppose 10 = -2*n, -4*n = -3*y - y + 196. List the prime factors of y.
2, 11
Let r = 2 - 1. Suppose -d + 2 = -r. What are the prime factors of 20/6*9/d?
2, 5
Suppose 7 = y - 5. What are the prime factors of y?
2, 3
Let b(t) = -2*t + 1. Let v be b(-1). Suppose 0 = 4*u - v*n + 37, n - 4*n = -u - 7. What are the prime factors of 14 + 5/(u/4)?
2, 3
What are the prime factors of (-204)/(-84) - 3/7?
2
Let k = 0 + 0. Suppose 0*y - 5*y = k. Let h = 10 - y. List the prime factors of h.
2, 5
Let f(c) = c**3 - 6*c**2 - c + 8. Let u be f(6). Suppose 0 = x - u, 0 = -0*k - 4*k - 3*x + 138. List the prime factors of k.
3, 11
Let h be (-4 + 1)/((-1)/10). Suppose 5 = 3*x + 5*n, -4*x - 2*n + 0*n + h = 0. List the prime factors of x.
2, 5
Suppose m = -4*m + 5. Let b = 6 - m. List the prime factors of b.
5
Suppose -5*s = -14 - 11. Suppose -3*i + 5 = 6*c - c, 0 = -i + s*c - 5. Suppose -3*l + 9 + 3 = i. List the prime factors of l.
2
Let m(b) = b + 6. Let f be m(-4). Suppose 0*k + k = 2. Suppose 0 = -o - 5, -k*o = -4*z + 80 + f. List the prime factors of z.
2, 3
Suppose 4*y + 19 = 5*i, 2*i - 1 - 2 = -3*y. Suppose 5 + 1 = -i*f. Let c = f + 12. List the prime factors of c.
2, 5
Let m(k) = -k + 6. Let z be m(3). Suppose z*d - 4 = -5*u + u, 20 = 4*d - 2*u. What are the prime factors of d?
2
Let k(i) = 3*i + 6. Let u(s) = -s**2 + 9*s - 2. Let c be u(8). List the prime factors of k(c).
2, 3
Let z(u) = -4*u + 4*u**2 + 17*u - 5*u**2 - 3 - 3*u. Let v be z(9). What are the prime factors of (-3)/(-1) + -1 + v?
2
Suppose -3*o - o = -4*v + 996, 4*v - 1020 = -2*o. What are the prime factors of v?
11, 23
Let f(o) = o**3 + o + 5. Let a be f(0). Suppose 4*p - 6 = -h, -h + 1 = -2*p + p. List the prime factors of p*a + (-8)/(-4).
7
Let c(l) = l**2 + 3*l + 4. Let n be c(-3). Suppose -n*h + h = -3. List the prime factors of h/(2/(-32)*-2).
2
Let j(s) = 36*s**3 - s**2 + 3*s - 2. List the prime factors of j(1).
2, 3
Let i be -1 + 3 + (0 - 72). Let a be (8/(-10))/(4/i). Let f = a + -2. What are the prime factors of f?
2, 3
Suppose -5*k = -3*v + 314, v = -0*v - 5*k + 98. What are the prime factors of v?
103
Suppose -4*p + 3*p = -4. Let b(z) = -z**3 + 3*z**2 + 6*z - 4. Let o be b(4). Suppose -2*i + i = p*r + 10, 16 = -o*r. What are the prime factors of i?
2, 3
Let f(k) = k**3 + 3*k**2. Let c be f(-3). Suppose c = -3*a + 4*a - 5. Suppose -8 = -4*r, 1 - 3 = -2*l + a*r. What are the prime factors of l?
2, 3
Let w = -23 - -41. What are the prime factors of w?
2, 3
Suppose -3*u + 86 = -u. What are the prime factors of u?
43
Let q(j) = j - 8. Let m be q(8). Suppose m = r - 1 - 4. List the prime factors of r.
5
Let a = 358 - 240. Suppose 4*x - w - a = 0, x - 11 = -4*w + 27. What are the prime factors of x?
2, 3, 5
Suppose 0 = t - d - 3*d - 14, 4*t = d - 4. Let u = 1 - t. List the prime factors of 6/(-9) + 50/u.
2
Let f(q) = -q**2 - 3*q - 3. Let z be 3*(2 - 24/9). Let g be f(z). Let u(n) = -5*n + 1. What are the prime factors of u(g)?
2, 3
Let h(d) = 2*d**2 - 9*d + 9. Let j(i) = -i**3 - 3*i**2 + 4*i + 6. Let f be j(-4). List the prime factors of h(f).
3
Let y = -69 + 2. Let i = 102 + y. List the prime factors of i.
5, 7
Let n(u) = u**3 